 -20 - ((100 - (29 - (-2 - -13))) + 19).
-121
Evaluate -4 + (23 - (12 - 9)) - (2 - -3) - -30.
41
Calculate (2 - 20) + (-74 - (-20 + -82)) - (0 - 72).
82
Calculate 182 + -62 + (-105 - -101).
116
What is 60 + (54 - (-77 - -193))?
-2
Calculate -8 + 1 + -4604 + 4537.
-74
Calculate -12 + (8 - (-8 + 2)) - 68 - -5.
-61
(-48 - (31 - 52)) + -8 + 22 - -7
-6
Calculate 23 + 4 + 2 + -12 - 66.
-49
What is 39 - -52 - (2 + -3 + (4 - 0 - -1))?
87
What is the value of -84 + 51 - ((1 - 0 - 8) + 4)?
-30
What is the value of -84 + 56 - (-7 + 56)?
-77
29 + (1 - (18 - -36))
-24
What is the value of 5 + (5 + -2 - -4) + 65 + -79?
-2
Evaluate 0 + -11 + (10 - -9) + -3 + 6 + 25.
36
What is -68 + 85 + -83 - -54?
-12
Evaluate -27 - -29 - (-12 - -27).
-13
Calculate 49 + -40 + 32 + -45.
-4
-6 + 0 + 4 + (-6 - (-2 - -8)) + 18
4
Calculate -15 - 25 - -26 - -49.
35
Evaluate -98 - -104 - 15 - -102.
93
What is -40 + (44 - (-34 + -18))?
56
What is (-39 - -30) + (2 - 0) + (-2 - 30)?
-39
What is the value of -157 + 208 - (-12 + 39)?
24
What is 0 + -87 + -8 + 3 - (-129 + 136) - 7?
-106
-7 - 75 - (28 + (-25 - -8))
-93
Calculate -15 + (-45 - 4 - (59 + -65)).
-58
Calculate -10 + 3 + -64 + (-28 - -13 - (-24 + 0)).
-62
65 - 123 - 62 - ((-20 - -2) + 1)
-103
What is -17 - 3 - -35 - 8 - 53?
-46
Evaluate (15 - 0 - (-420 + 419)) + -28.
-12
What is the value of -8 + 0 - (238 + -224 + -2 + -51)?
31
-12 + -3 + 2 + 55
42
-43 - ((-15 - 5) + 9 + -8)
-24
21 - (-19 + -4 + 68 - (-1 - 5))
-30
What is the value of -18 + (-35 + 3 - -49)?
-1
Calculate -123 + -141 + 269 + 4 + 0.
9
Evaluate -13 + (21 - (-4 - (1 - 8)) - -42).
47
Calculate -48 + 47 + -18 + (-17 - -103) + 5.
72
What is the value of 10 - ((-6 - 18) + -16 + 22 + 7)?
21
What is the value of 0 + -11 + (80 - (118 - 82))?
33
Evaluate 30 - (-26 + 5) - 15.
36
What is the value of (45 - 4) + -17 + -4 + 20?
40
What is -3 - (13 - (4 - (2 + -5))) - (11 - 27)?
7
Evaluate -81 + -33 + 37 - (-4 - (4 + (1 - 22))).
-90
Calculate (81 - -1) + -706 + 663.
39
Calculate -42 - (22 - (46 - -14)).
-4
Calculate -25 + -78 + 23 + 15.
-65
Evaluate -8 + 143 + -788 + 773.
120
8 - (14 + -49 + 20)
23
Evaluate (-152 - 69 - -95) + (5 - -36).
-85
What is 11 + -5 + (-1 - 2) - (-5 - (-87 - -7))?
-72
8 + -15 + 15 + 5 + (-6 - -7) + -43
-29
7 + -6 + -50 - (-9 - 1 - (-20 - -18))
-41
What is the value of 79 + 41 + -69 + -30?
21
(-10 + -91 - -29) + -2 - (-1 + 1 + 3)
-77
(-111 - -1) + (2 - (-46 + 10 + 50))
-122
Evaluate (-149 - (-233 - -95)) + (13 - (-3 + 2 + -2)).
5
Calculate 15 - (-11 + 3 + 2 + 17 + -13 + -18).
35
Evaluate -19 - -1 - (-20 - 108 - -152).
-42
What is the value of -56 + 101 + 0 + (-9 - (4 - 3))?
35
Evaluate 97 - 7 - (11 - 1 - (-73 + 34 + 54)).
95
44 - (-19 + 16 + 63) - (-150 - 0)
134
Calculate 1988 + -2040 + 0 + 39.
-13
What is (2200 - 2193) + -24 + -1 + -2 + 3?
-17
Calculate 23 + -25 + -28 + 16.
-14
39 + -89 - -105 - -13
68
What is (376 - 352) + 3 + -3?
24
Evaluate 36 + (-55 - -20 - -17).
18
What is (-4 - -100) + (341 - 391)?
46
What is (86 - (39 - 20)) + -4 + 9?
72
(-1 + -7 - (15 + -16)) + 27 + -38 + 12
-6
What is the value of 10 + -1 - (-501 + 475)?
35
Calculate -108 - (-191 - -67 - 9).
25
Calculate 44 + 14 + -46 + (4 + -2 - -31).
45
Calculate (-52 - (-66 + 76)) + 24.
-38
Calculate 6 - (13 - ((9 - 5) + -4)) - (-1 + -122).
116
What is the value of -222 - (-33 + -8 + -6) - -32?
-143
Evaluate (133 + -114 - (2 + -17)) + -4.
30
Evaluate 6 + -13 + (-1 - (-59 + -17)) - -1.
69
Calculate 88 - ((36 - 33) + 33 + -20).
72
Calculate (16 - ((-5 - -23) + -14)) + -13 - (2 + 9).
-12
Evaluate (-10 - -1) + -23 + (130 - 36).
62
What is 3 + 1 + (0 - 4 - (348 - 339)) - -70?
61
What is 29 - ((18 - 12) + 1 + -17 - (14 + -17))?
36
6 - ((-101 - -365) + -143)
-115
Calculate (7 - 4 - 3) + -63 + (5 - -47).
-11
Calculate (-18 - -2) + 92 + -54 + 7.
29
What is (-1 - -2) + (-1 - 12) + (-83 - -146)?
51
Evaluate (-22 + (40 - -6) - 11) + 5 + -55.
-37
What is 133 + (-47 + 5 + 12 - -20) - 17?
106
What is the value of -8 + (-20 + 3 - 1) + 41?
15
What is the value of (41 - ((87 - 15) + -42)) + 1 + (-2 - 36)?
-26
What is -50 - (-27 - -70 - 50)?
-43
Evaluate -149 + 87 - -67 - (47 + (5 - 2)).
-45
What is the value of 0 + -60 - (8897 - 8939)?
-18
-53 + (-11 + 19 - (-5 + 12) - -10) - -10
-32
What is -3 + (-11 - -18) - -35 - (17 + (-4 - 4))?
30
-13 - (-48 - -5 - -71)
-41
What is the value of -2 + 11 + (-15 + -50 - (22 + -19))?
-59
What is -59 - (-114 + 60) - 23?
-28
Calculate 19 - (6 + 24 - 6) - (-1 - 5).
1
Evaluate -3 + 0 + -46 + -1020 + 1058.
-11
Evaluate 1716 - 1699 - (73 + -4).
-52
What is (-195 + 140 - -49) + 0 + -46?
-52
What is -39 - ((-81 - -26) + 62 + -15 + 1)?
-32
Evaluate 33 + (-5 - -22 - 10) + (2 - 15).
27
151 + -68 + -64 - 9
10
What is the value of -4 + -9 - -4 - 10 - (4 - (13 - 0))?
-10
What is the value of (-2 - (20 + 1 + 2)) + (-68 + 81 - 12)?
-24
Evaluate -1 + 10 + -11 - (-18 - -29).
-13
What is the value of (11 - 61) + -24 + 12 - (-1 + -5)?
-56
What is the value of 12 + (5 - -2) + -23 + 1 - (-10 - -4)?
3
-211 + (283 - (-98 - -229))
-59
Evaluate 1 - (10 - 9 - (5 + 5)) - 39.
-29
-4 + -7 + (-2 - (23 - 22))
-14
Calculate 9 + (-9 - 4) + 9 + 16 + (-22 - -8).
7
Calculate (1 - 21) + -73 + (230 - 122).
15
Calculate 29 + (-61 - -70) + (-14 - 4).
20
What is the value of -93 - (-54 - -35) - -47?
-27
Evaluate -152 - -162 - (97 + 3).
-90
50 - (-6 + -5 + 2 - (-2 + -6))
51
What is the value of -2251 + 2269 + 1 + -5 + -2 - (84 - 0)?
-72
What is the value of (-1 - -8) + 2 - (102 + -33 + -7)?
-53
What is 3 + -9 - (18 - (-9 + 15 - (5 - -4)))?
-27
Calculate 3 + 65 + (47 - 92).
23
Evaluate (-1 + 11 - (246 - 248)) + (0 - 29).
-17
Calculate -56 - (-1 + 10 - (77 - (-62 + 127))).
-53
2 + (2 - -58) + 21 + 23 + -20 + -15
71
Evaluate 31 - (-3 + 2 + 1 - (-197 - -205)).
39
What is the value of (-11 - (55 - 103)) + (4 - 4)?
37
Calculate 42 + (8 - -27) + (-8 - (-2 + 4)).
67
What is the value of 39 - (-13 + 23) - 36 - ((1 - 1) + -34)?
27
Calculate -7 + 20 + (1 - -2) - (-1230 - -1144).
102
Evaluate (-34 - -15) + (20 - 52) - 23.
-74
What is -28 - (1438 + -1636 + (-1 - -34))?
137
(-14 - -61 - 35) + 14
26
What is the value of (-84 - 22 - -25) + 16 + 25?
-40
What is the value of -59 + -80 + 73 + 106?
40
What is the value of (-2 - (54 + (-7 - 12))) + 76?
39
What is the value of 20 + 65 + (86 - 246)?
-75
(2 - -7 - 11) + (38 - ((11 - 3) + -6))
34
What is the value of 94 + (6 - 2) - ((-10 - 43) + 64)?
87
Calculate (116 - (-103 + 213)) + -72.
-66
Calculate -23 + 6 + (-4 - (1 - (11 - 3 - -1))).
-13
Evaluate (8 + 13 - 6) + (67 - (6 + (-5 - -1))).
80
What is the value of 14 + (-7 - -12 - (-4 + 8)) - 2?
13
What is -25775 - -25616 - (-1 - 80)?
-78
What is the value of (78 + 17 + -77 - (1 + 4)) + -98?
-85
-1 + 1 + 0 + (90 - 15 - (-2 + 5))
72
Evaluate -26 - ((11 - (9 + -19 + 5 - 0)) + -10).
-32
What is -7 + (41 - (-3 + 0 + 0)) + (-22 - -14)?
29
What is the value of (20 - (-15 - (-118 - -23))) + 2 + -12 - 11?
-81
Evaluate (8 - 2 - (-57 - -34 - -33)) + (4 - 10).
-10
Evaluate (-3 + 2 + -2 - (-2 - 88)) + 3083 + -3089.
81
What is 4 + 47 - (66 - 44)?
29
What is -154 + 85 + (56 - -30)?
17
(2 - 9) + 0 + (8 - 11) + (-43 - -13)
-40
What is -62 - (-118 - -80 - (-40 + 2))?
-62
What is -2 + -29 - (303 + -373)?
39
Evaluate 136 - 11 - 24 - 58.
43
(-1 - 23 - (54 + (-86 - -41))) + -15 - -1
-47
What is the value of -43 - (-9 + 24) - (0 - (2 - -19))?
-37
Evaluate (-59 - -95) + -115 - -125.
46
69 + 56 + -26 + -15 - (-10 + 0)
94
Calculate (-182 - -177) + (3 - (-3 + 7 + -73)).
67
What is 55 - (-11 - -6 - 2 - 22)?
84
What is 11 - ((0 - 20) + (-554 - -556))?
29
82 + -22 + 542 + -566
36
What is the value of -93 + -5 + -11 + 16 + 18?
-75
Calculate (4 - -1) + (-6 - (-14 - (-4 - -2))) - -11.
22
What is -90 + -21 + (-71 - -106)?
-76
What is 3 - 10 - (-3 - (-7 + -11))?
-22
What is the value of -79 + -6 + -161 + 209?
-37
Calculate -6 + 128 + (-47 - 74).
1
-116 + -46 + 181 + -11 + 1 + 2
11
Evaluate -562 - -530 - (0 - 2 - 97).
67
41 + -55 - (-18 - (72 + -15))
61
Calculate 10 + 34 + -50 + 30.
24
What is the value of 97 + (-1 - 0) + (-11 + 21 + -21 - -11)?
96
28 + 8 + 0 + (-42 - 61)
-67
Calculate -139 + 153 + (4 - (5 + 8)).
5
Calculate (-40 - (-15 - 67) - 55) + (2 - 1).
-12
What is the value of -5 - (-11 - (-22 - (-18 - -10)))?
-8
0 + 57 - (95 + 25 - 117)
54
What is the value of 